ase 2?
110010101100011000
What is -100010101101111110 (base 2) in base 9?
-236056
What is -111111011000001100 (base 2) in base 16?
-3f60c
Convert 357972 (base 11) to base 9.
1053505
Convert -2029789 (base 10) to base 9.
-3733311
341314412 (base 5) to base 13
40b767
Convert -863274 (base 10) to base 16.
-d2c2a
What is 2187864 (base 9) in base 5?
300231403
1433620 (base 8) to base 10
407440
120323001 (base 5) to base 11
351160
Convert -20282771 (base 9) to base 10.
-9738613
30103021 (base 6) to base 3
1121002120111
Convert 1211201020111 (base 3) to base 16.
eee3d
Convert -60831f (base 16) to base 4.
-120020030133
What is -1021103410 (base 5) in base 10?
-2128605
Convert -101202221021022 (base 3) to base 15.
-781b12
Convert 1412252320 (base 6) to base 12.
59110a0
What is -2144305 (base 6) in base 5?
-11412444
Convert 2311611 (base 8) to base 4.
2121032021
What is 5033 (base 7) in base 2?
11011001011
323313 (base 6) to base 12
13539
-3638841 (base 13) to base 14
-23391bb
What is 22012112022 (base 3) in base 6?
3243355
Convert -111000001100011011 (base 2) to base 7.
-1646024
Convert 367f8 (base 16) to base 15.
46219
What is -444114 (base 8) in base 12?
-72690
-3730 (base 12) to base 5
-144403
Convert 5707227 (base 8) to base 4.
11320322113
3302320013 (base 4) to base 2
11110010111000000111
Convert 551420 (base 6) to base 3.
2022201210
-44340403 (base 5) to base 12
-167b42
What is -185506 (base 15) in base 16?
-120aad
Convert -1333107 (base 9) to base 11.
-459963
What is -116600 (base 8) in base 4?
-21312000
Convert -30222102101 (base 4) to base 6.
-155045225
-1001010110110001011 (base 2) to base 4
-1022312023
Convert -330405154 (base 6) to base 11.
-3377a55
What is 67977 (base 10) in base 7?
402120
What is 10225232 (base 7) in base 12?
357a6b
Convert -4198294 (base 12) to base 8.
-57216220
What is -110011022220102 (base 3) in base 10?
-6462515
What is 80c800 (base 13) in base 8?
13337454
5456203 (base 8) to base 12
5a80ab
1757215 (base 8) to base 12
20a551
Convert 113320212 (base 4) to base 11.
67557
331242314 (base 5) to base 13
3b142a
Convert 3023134 (base 7) to base 3.
200020020211
Convert -9ab79 (base 13) to base 10.
-280978
What is 1b091 (base 15) in base 6?
1514514
What is -212371 (base 8) in base 5?
-4232110
What is 15542742 (base 8) in base 16?
36c5e2
121012310 (base 4) to base 14
29696
Convert -10244341 (base 6) to base 9.
-508727
56ab56 (base 13) to base 4
13310322103
2106136 (base 11) to base 14
6c8c59
Convert 11541540 (base 7) to base 16.
fccb7
Convert 1c247 (base 15) to base 7.
531115
Convert 190aa2 (base 12) to base 9.
735425
-1abdf (base 16) to base 14
-2bcbd
Convert -31101232 (base 4) to base 10.
-54382
What is 567140 (base 10) in base 11?
358112
What is 112030210313 (base 4) in base 8?
26144467
Convert 8142578 (base 10) to base 9.
16280458
Convert -16365711 (base 8) to base 5.
-1432432123
What is -32d34 (base 16) in base 2?
-110010110100110100
Convert -51bf (base 16) to base 12.
-1013b
What is 1241100013 (base 5) in base 13?
8344ac
What is -50312435 (base 6) in base 15?
-1d22d8
2101020100 (base 3) to base 10
46827
6a5018 (base 12) to base 9
3184282
What is 100100111101111 (base 2) in base 7?
106116
-434a23 (base 12) to base 16
-1043bb
ae2e (base 15) to base 13
13a7b
112223 (base 9) to base 16
106b3
What is -24454004 (base 8) in base 14?
-a06912
-798274 (base 11) to base 2
-100110110000101010001
1bd69 (base 16) to base 3
12210102011
Convert 662520 (base 7) to base 16.
1c5e1
2d5874 (base 14) to base 13
438bc0
-137597 (base 11) to base 10
-215002
Convert 101110100110111000001011 (base 2) to base 12.
4112637
Convert 10232501 (base 6) to base 9.
506451
Convert -130882 (base 10) to base 4.
-133331002
Convert -50524 (base 14) to base 11.
-122089
Convert 279c2 (base 15) to base 4.
133001222
1635210 (base 11) to base 7
32463213
What is 3a3346 (base 13) in base 4?
11113122311
What is -301011232 (base 4) in base 14?
-533c2
Convert 100011100110111101000 (base 2) to base 14.
225328
Convert -1255710 (base 8) to base 7.
-2661560
Convert 2033231 (base 7) to base 2.
111011011111000010
What is 100100010010101000 (base 2) in base 15?
2e09d
522201 (base 7) to base 9
145840
What is -1010011100010110 (base 2) in base 8?
-123426
Convert -125264404 (base 7) to base 3.
-120010222010221
Convert 101001111100111001111 (base 2) to base 8.
5174717
What is -13532200 (base 7) in base 5?
-311043022
Convert -220332133 (base 4) to base 15.
-34ae4
What is 1407377 (base 10) in base 9?
2574502
What is 10345156 (base 7) in base 2?
11011000001001111101
Convert 1203133313 (base 4) to base 7.
3315113
What is -11436110 (base 7) in base 3?
-1220201001222
12110020112101 (base 3) to base 10
2898163
Convert 1131322 (base 5) to base 16.
5165
Convert 1101001100011111111000 (base 2) to base 9.
6451844
Convert 64552 (base 11) to base 4.
112322020
What is -5531227 (base 9) in base 8?
-13256571
Convert -1350884 (base 9) to base 16.
-b52e5
Convert -156001 (base 10) to base 5.
-14443001
103201002200 (base 4) to base 3
100121220220212
What is -21120102111 (base 3) in base 12?
-722aa
What is -4654571 (base 9) in base 13?
-6a1407
Convert 20365 (base 11) to base 12.
15244
251031205 (base 6) to base 10
4809749
1315231230 (base 6) to base 8
73545342
Convert -1366677 (base 10) to base 13.
-38b0b0
What is 2d797 (base 15) in base 5?
14144332
Convert -9559 (base 13) to base 2.
-101000011010100
Convert -d8e027 (base 15) to base 5.
-10120333122
80441 (base 12) to base 4
220221301
Convert 80847 (base 9) to base 4.
30332323
232303 (base 8) to base 12
398ab
427704 (base 9) to base 5
31124432
Convert -33816 (base 12) to base 3.
-10111001100
Convert 1451750 (base 8) to base 13.
1169a9
Convert 10bd (base 15) to base 16.
de1
Convert -191058 (base 11) to base 14.
-79314
-213312301131 (base 4) to base 14
-155d7d3
Convert -2afef (base 16) to base 9.
-287518
Convert 1954119 (base 10) to base 15.
288ee9
Convert 166626 (base 8) to base 12.
2b246
-20289 (base 11) to base 13
-10637
-d7dea (base 16) to base 14
-190334
121121021100 (base 3) to base 16
4fc86
What is 12a2c1 (base 15) in base 10?
895006
1432610 (base 7) to base 9
323748
What is 6066166 (base 7) in base 4?
2300120113
Convert -9799aa (base 12) to base 5.
-1103322433
What is -1100001111010010 (base 2) in base 13?
-19a82
Convert 112499 (base 10) to base 12.
5512b
Convert 18ca277 (base 14) to base 8.
57000441
What is 11355044 (base 6) in base 7?
3016204
Convert 211222112022 (base 3) to base 16.
6e70e
Convert -6653132 (base 9) to base 4.
-31221202322
-20121021122 (base 3) to base 15
-28798
-2103012222 (base 4) to base 16
-931aa
-2be88 (base 15) to base 6
-3011445
What is -241384 (base 11) in base 14?
-9d540
Convert 2196527 (base 10) to base 7.
24445604
8e408 (base 16) to base 14
1124ac
Convert -1749a7 (base 13) to base 5.
-122103131
What is -248522 (base 9) in base 7?
-1165031
Convert -155450 (base 6) to base 9.
-23243
-423430323 (base 5) to base 8
-6624570
Convert -5d602 (base 15) to base 11.
-19417a
What is 39779 (base 15) in base 5?
21341224
Convert 31424764 (base 9) to base 16.
e6ea17
What is -32062 (base 10) in base 2?
-111110100111110
24082 (base 9) to base 8
37360
What is -122301102233 (base 4) in base 16?
-6b14af
What is 2022204 (base 6) in base 4?
113202130
What is -460546 (base 8) in base 3?
-21221000000
What is -14644003 (base 8) in base 11?
-1995aa7
Convert 111011010001100010 (base 2) to base 7.
2030555
Convert 132a65 (base 12) to base 7.
2454215
Convert -11101101100011010101 (base 2) to base 4.
-3231203111
What is 164bbb (base 13) in base 4?
2013013310
14448b (base 12) to base 5
41324441
5e9637 (base 15) to base 9
8475127
What is -100022220221 (base 3) in base 10?
-183652
-1002120001112 (base 3) to base 14
-11203d
Convert -13413103 (base 7) to base 16.
-1307e0
533509 (base 13) to base 11
1111838
What is 286627 (base 12) in base 10?
674815
Convert -1002233233 (base 4) to base 7.
-2216026
Convert -20304041 (base 5) to base 4.
-220210002
Convert 14120615 (base 7) to base 13.
37103c
Convert -10011010111001010 (base 2) to base 8.
-232712
Convert 1381665 (base 10) to base 9.
2535253
3155526 (base 7) to base 6
12120323
Convert 13754600 (base 8) to base 14.
5b8b4c
What is 23a34 (base 11) in base 2?
1000011011011010
-51351 (base 7) to base 6
-1340